{"id":148,"date":"2019-08-26T05:20:34","date_gmt":"2019-08-26T05:20:34","guid":{"rendered":"http:\/\/cantosdelcamino.com\/?page_id=148"},"modified":"2019-09-01T22:16:56","modified_gmt":"2019-09-01T22:16:56","slug":"o","status":"publish","type":"page","link":"https:\/\/cantosdelcamino.com\/?page_id=148","title":{"rendered":"O"},"content":{"rendered":"<p><span style=\"color: #0000ff;\">Objeto de mi fe\u00a0 231<\/span><\/p>\n<audio class=\"wp-audio-shortcode\" id=\"audio-148-1\" preload=\"none\" style=\"width: 100%;\" controls=\"controls\"><source type=\"audio\/mpeg\" src=\"https:\/\/cantosdelcamino.com\/wp-content\/uploads\/2019\/08\/M231Objetodemife.mp3?_=1\" \/><a href=\"https:\/\/cantosdelcamino.com\/wp-content\/uploads\/2019\/08\/M231Objetodemife.mp3\">https:\/\/cantosdelcamino.com\/wp-content\/uploads\/2019\/08\/M231Objetodemife.mp3<\/a><\/audio>\n<p><span style=\"color: #0000ff;\">Oh aldehuela\u00a0 360\u00a0 <span style=\"color: #008000;\"><a style=\"color: #008000;\" href=\"https:\/\/cantosdelcamino.com\/wp-content\/uploads\/2019\/09\/S360OhaldehueladeBelen.doc\">Partitura<\/a><\/span><\/span><\/p>\n<audio class=\"wp-audio-shortcode\" id=\"audio-148-2\" preload=\"none\" style=\"width: 100%;\" controls=\"controls\"><source type=\"audio\/mpeg\" src=\"https:\/\/cantosdelcamino.com\/wp-content\/uploads\/2019\/08\/M360OhaldehueladeBelen.mp3?_=2\" \/><a href=\"https:\/\/cantosdelcamino.com\/wp-content\/uploads\/2019\/08\/M360OhaldehueladeBelen.mp3\">https:\/\/cantosdelcamino.com\/wp-content\/uploads\/2019\/08\/M360OhaldehueladeBelen.mp3<\/a><\/audio>\n<p><span style=\"color: #0000ff;\">Oh amor que excede a todos\u00a0 228<\/span><\/p>\n<audio class=\"wp-audio-shortcode\" id=\"audio-148-3\" preload=\"none\" style=\"width: 100%;\" controls=\"controls\"><source type=\"audio\/mpeg\" src=\"https:\/\/cantosdelcamino.com\/wp-content\/uploads\/2019\/08\/M228Ohamorqueexcedeatodos.mp3?_=3\" \/><a href=\"https:\/\/cantosdelcamino.com\/wp-content\/uploads\/2019\/08\/M228Ohamorqueexcedeatodos.mp3\">https:\/\/cantosdelcamino.com\/wp-content\/uploads\/2019\/08\/M228Ohamorqueexcedeatodos.mp3<\/a><\/audio>\n<p><span style=\"color: #0000ff;\">Oh amor que no me dejar\u00e1\u00a0 116<\/span><\/p>\n<audio class=\"wp-audio-shortcode\" id=\"audio-148-4\" preload=\"none\" style=\"width: 100%;\" controls=\"controls\"><source type=\"audio\/mpeg\" src=\"https:\/\/cantosdelcamino.com\/wp-content\/uploads\/2019\/08\/M116Ohamorquenomedejaras.mp3?_=4\" \/><a href=\"https:\/\/cantosdelcamino.com\/wp-content\/uploads\/2019\/08\/M116Ohamorquenomedejaras.mp3\">https:\/\/cantosdelcamino.com\/wp-content\/uploads\/2019\/08\/M116Ohamorquenomedejaras.mp3<\/a><\/audio>\n<p><span style=\"color: #0000ff;\">Oh Cristo de infinito amor\u00a0 299<\/span><\/p>\n<audio class=\"wp-audio-shortcode\" id=\"audio-148-5\" preload=\"none\" style=\"width: 100%;\" controls=\"controls\"><source type=\"audio\/mpeg\" src=\"https:\/\/cantosdelcamino.com\/wp-content\/uploads\/2019\/08\/M299OhCristodeinfinitoamor.mp3?_=5\" \/><a href=\"https:\/\/cantosdelcamino.com\/wp-content\/uploads\/2019\/08\/M299OhCristodeinfinitoamor.mp3\">https:\/\/cantosdelcamino.com\/wp-content\/uploads\/2019\/08\/M299OhCristodeinfinitoamor.mp3<\/a><\/audio>\n<p><span style=\"color: #0000ff;\">Oh Cristo m\u00edo\u00a0 254<\/span><\/p>\n<audio class=\"wp-audio-shortcode\" id=\"audio-148-6\" preload=\"none\" style=\"width: 100%;\" controls=\"controls\"><source type=\"audio\/mpeg\" src=\"https:\/\/cantosdelcamino.com\/wp-content\/uploads\/2019\/08\/M254OhCristomio.mp3?_=6\" \/><a href=\"https:\/\/cantosdelcamino.com\/wp-content\/uploads\/2019\/08\/M254OhCristomio.mp3\">https:\/\/cantosdelcamino.com\/wp-content\/uploads\/2019\/08\/M254OhCristomio.mp3<\/a><\/audio>\n<p><span style=\"color: #0000ff;\">Oh Cristo tu ayuda quisiera tener\u00a0 271<\/span><\/p>\n<audio class=\"wp-audio-shortcode\" id=\"audio-148-7\" preload=\"none\" style=\"width: 100%;\" controls=\"controls\"><source type=\"audio\/mpeg\" src=\"https:\/\/cantosdelcamino.com\/wp-content\/uploads\/2019\/08\/M271OhCristotuayudaquisieratener.mp3?_=7\" \/><a href=\"https:\/\/cantosdelcamino.com\/wp-content\/uploads\/2019\/08\/M271OhCristotuayudaquisieratener.mp3\">https:\/\/cantosdelcamino.com\/wp-content\/uploads\/2019\/08\/M271OhCristotuayudaquisieratener.mp3<\/a><\/audio>\n<p><span style=\"color: #0000ff;\">Oh cu\u00e1n dulce es fiar en Cristo\u00a0 358\u00a0 <span style=\"color: #008000;\"><a style=\"color: #008000;\" href=\"https:\/\/cantosdelcamino.com\/wp-content\/uploads\/2019\/09\/S358OhcuandulceesfiarenCristo.doc\">Partitura<\/a><\/span><\/span><\/p>\n<audio class=\"wp-audio-shortcode\" id=\"audio-148-8\" preload=\"none\" style=\"width: 100%;\" controls=\"controls\"><source type=\"audio\/mpeg\" src=\"https:\/\/cantosdelcamino.com\/wp-content\/uploads\/2019\/08\/M358OhcuandulceesfiarenCristo.mp3?_=8\" \/><a href=\"https:\/\/cantosdelcamino.com\/wp-content\/uploads\/2019\/08\/M358OhcuandulceesfiarenCristo.mp3\">https:\/\/cantosdelcamino.com\/wp-content\/uploads\/2019\/08\/M358OhcuandulceesfiarenCristo.mp3<\/a><\/audio>\n<p><span style=\"color: #0000ff;\">Oh cu\u00e1nto le amo\u00a0 126<\/span><\/p>\n<audio class=\"wp-audio-shortcode\" id=\"audio-148-9\" preload=\"none\" style=\"width: 100%;\" controls=\"controls\"><source type=\"audio\/mpeg\" src=\"https:\/\/cantosdelcamino.com\/wp-content\/uploads\/2019\/08\/M126Ohcuantoleamo.mp3?_=9\" \/><a href=\"https:\/\/cantosdelcamino.com\/wp-content\/uploads\/2019\/08\/M126Ohcuantoleamo.mp3\">https:\/\/cantosdelcamino.com\/wp-content\/uploads\/2019\/08\/M126Ohcuantoleamo.mp3<\/a><\/audio>\n<p><span style=\"color: #0000ff;\">Oh cumple tu ministerio\u00a0 301<\/span><\/p>\n<audio class=\"wp-audio-shortcode\" id=\"audio-148-10\" preload=\"none\" style=\"width: 100%;\" controls=\"controls\"><source type=\"audio\/mpeg\" src=\"https:\/\/cantosdelcamino.com\/wp-content\/uploads\/2019\/08\/M301Ohcumpletuministerio.mp3?_=10\" \/><a href=\"https:\/\/cantosdelcamino.com\/wp-content\/uploads\/2019\/08\/M301Ohcumpletuministerio.mp3\">https:\/\/cantosdelcamino.com\/wp-content\/uploads\/2019\/08\/M301Ohcumpletuministerio.mp3<\/a><\/audio>\n<p><span style=\"color: #0000ff;\">Oh Dios eterno\u00a0 174<\/span><\/p>\n<audio class=\"wp-audio-shortcode\" id=\"audio-148-11\" preload=\"none\" style=\"width: 100%;\" controls=\"controls\"><source type=\"audio\/mpeg\" src=\"https:\/\/cantosdelcamino.com\/wp-content\/uploads\/2019\/08\/M174OhDioseterno.mp3?_=11\" \/><a href=\"https:\/\/cantosdelcamino.com\/wp-content\/uploads\/2019\/08\/M174OhDioseterno.mp3\">https:\/\/cantosdelcamino.com\/wp-content\/uploads\/2019\/08\/M174OhDioseterno.mp3<\/a><\/audio>\n<p><span style=\"color: #0000ff;\">Oh Dios, rev\u00e9lame tu voluntad\u00a0 227<\/span><\/p>\n<audio class=\"wp-audio-shortcode\" id=\"audio-148-12\" preload=\"none\" style=\"width: 100%;\" controls=\"controls\"><source type=\"audio\/mpeg\" src=\"https:\/\/cantosdelcamino.com\/wp-content\/uploads\/2019\/08\/M227OhDiosrevelametuvoluntad.mp3?_=12\" \/><a href=\"https:\/\/cantosdelcamino.com\/wp-content\/uploads\/2019\/08\/M227OhDiosrevelametuvoluntad.mp3\">https:\/\/cantosdelcamino.com\/wp-content\/uploads\/2019\/08\/M227OhDiosrevelametuvoluntad.mp3<\/a><\/audio>\n<p><span style=\"color: #0000ff;\">Od Dios s\u00e9 T\u00fa mi visi\u00f3n\u00a0 272<\/span><\/p>\n<audio class=\"wp-audio-shortcode\" id=\"audio-148-13\" preload=\"none\" style=\"width: 100%;\" controls=\"controls\"><source type=\"audio\/mpeg\" src=\"https:\/\/cantosdelcamino.com\/wp-content\/uploads\/2019\/08\/M272OhDiossemivision.mp3?_=13\" \/><a href=\"https:\/\/cantosdelcamino.com\/wp-content\/uploads\/2019\/08\/M272OhDiossemivision.mp3\">https:\/\/cantosdelcamino.com\/wp-content\/uploads\/2019\/08\/M272OhDiossemivision.mp3<\/a><\/audio>\n<p><span style=\"color: #0000ff;\">Oh Dios, T\u00fa eres\u00a0 409\u00a0 <span style=\"color: #008000;\"><a style=\"color: #008000;\" href=\"https:\/\/cantosdelcamino.com\/wp-content\/uploads\/2019\/09\/S409OhDiostueresp1.doc\">Partitura, p. 1<\/a> \u00a0\u00a0<a style=\"color: #008000;\" href=\"https:\/\/cantosdelcamino.com\/wp-content\/uploads\/2019\/09\/S409OhDiostueresp2.doc\">Partitura, p. 2<\/a><\/span><\/span><\/p>\n<audio class=\"wp-audio-shortcode\" id=\"audio-148-14\" preload=\"none\" style=\"width: 100%;\" controls=\"controls\"><source type=\"audio\/mpeg\" src=\"https:\/\/cantosdelcamino.com\/wp-content\/uploads\/2019\/08\/Q409OhDiostueres.mp3?_=14\" \/><a href=\"https:\/\/cantosdelcamino.com\/wp-content\/uploads\/2019\/08\/Q409OhDiostueres.mp3\">https:\/\/cantosdelcamino.com\/wp-content\/uploads\/2019\/08\/Q409OhDiostueres.mp3<\/a><\/audio>\n<p><span style=\"color: #0000ff;\">Oh h\u00e1blame Se\u00f1or\u00a0 371\u00a0 <span style=\"color: #008000;\"><a style=\"color: #008000;\" href=\"https:\/\/cantosdelcamino.com\/wp-content\/uploads\/2019\/09\/S371OhhablameSenor.doc\">Partitura<\/a><\/span><\/span><\/p>\n<audio class=\"wp-audio-shortcode\" id=\"audio-148-15\" preload=\"none\" style=\"width: 100%;\" controls=\"controls\"><source type=\"audio\/mpeg\" src=\"https:\/\/cantosdelcamino.com\/wp-content\/uploads\/2019\/08\/M371OhhablameSenor.mp3?_=15\" \/><a href=\"https:\/\/cantosdelcamino.com\/wp-content\/uploads\/2019\/08\/M371OhhablameSenor.mp3\">https:\/\/cantosdelcamino.com\/wp-content\/uploads\/2019\/08\/M371OhhablameSenor.mp3<\/a><\/audio>\n<p><span style=\"color: #0000ff;\">Oh ni\u00f1os venid\u00a0 384\u00a0 <span style=\"color: #008000;\"><a style=\"color: #008000;\" href=\"https:\/\/cantosdelcamino.com\/wp-content\/uploads\/2019\/09\/S384Ohninosvenid.doc\">Partitura<\/a><\/span><\/span><\/p>\n<audio class=\"wp-audio-shortcode\" id=\"audio-148-16\" preload=\"none\" style=\"width: 100%;\" controls=\"controls\"><source type=\"audio\/mpeg\" src=\"https:\/\/cantosdelcamino.com\/wp-content\/uploads\/2019\/08\/M384Ohninosvenid.mp3?_=16\" \/><a href=\"https:\/\/cantosdelcamino.com\/wp-content\/uploads\/2019\/08\/M384Ohninosvenid.mp3\">https:\/\/cantosdelcamino.com\/wp-content\/uploads\/2019\/08\/M384Ohninosvenid.mp3<\/a><\/audio>\n<p><span style=\"color: #0000ff;\">Oh nuestro Padre ahora\u00a0 308<\/span><\/p>\n<audio class=\"wp-audio-shortcode\" id=\"audio-148-17\" preload=\"none\" style=\"width: 100%;\" controls=\"controls\"><source type=\"audio\/mpeg\" src=\"https:\/\/cantosdelcamino.com\/wp-content\/uploads\/2019\/08\/M308OhnuestroPadreahora.mp3?_=17\" \/><a href=\"https:\/\/cantosdelcamino.com\/wp-content\/uploads\/2019\/08\/M308OhnuestroPadreahora.mp3\">https:\/\/cantosdelcamino.com\/wp-content\/uploads\/2019\/08\/M308OhnuestroPadreahora.mp3<\/a><\/audio>\n<p><span style=\"color: #0000ff;\">Oh Padre de la humanidad\u00a0 223<\/span><\/p>\n<audio class=\"wp-audio-shortcode\" id=\"audio-148-18\" preload=\"none\" style=\"width: 100%;\" controls=\"controls\"><source type=\"audio\/mpeg\" src=\"https:\/\/cantosdelcamino.com\/wp-content\/uploads\/2019\/08\/M223OhPadredelahumanidad.mp3?_=18\" \/><a href=\"https:\/\/cantosdelcamino.com\/wp-content\/uploads\/2019\/08\/M223OhPadredelahumanidad.mp3\">https:\/\/cantosdelcamino.com\/wp-content\/uploads\/2019\/08\/M223OhPadredelahumanidad.mp3<\/a><\/audio>\n<p><span style=\"color: #0000ff;\">\u00a1Oh, qu\u00e9 amigo nos es Cristo!\u00a0 273<\/span><\/p>\n<audio class=\"wp-audio-shortcode\" id=\"audio-148-19\" preload=\"none\" style=\"width: 100%;\" controls=\"controls\"><source type=\"audio\/mpeg\" src=\"https:\/\/cantosdelcamino.com\/wp-content\/uploads\/2019\/08\/M273OhqueamigonosesCristo.mp3?_=19\" \/><a href=\"https:\/\/cantosdelcamino.com\/wp-content\/uploads\/2019\/08\/M273OhqueamigonosesCristo.mp3\">https:\/\/cantosdelcamino.com\/wp-content\/uploads\/2019\/08\/M273OhqueamigonosesCristo.mp3<\/a><\/audio>\n<p><span style=\"color: #0000ff;\">Oh qu\u00e9 amor\u00a0 361\u00a0 <span style=\"color: #008000;\"><a style=\"color: #008000;\" href=\"https:\/\/cantosdelcamino.com\/wp-content\/uploads\/2019\/09\/S361Ohqueinmensoamor.doc\">Partitura<\/a><\/span><\/span><\/p>\n<audio class=\"wp-audio-shortcode\" id=\"audio-148-20\" preload=\"none\" style=\"width: 100%;\" controls=\"controls\"><source type=\"audio\/mpeg\" src=\"https:\/\/cantosdelcamino.com\/wp-content\/uploads\/2019\/08\/M361Ohqueinmensoamor.mp3?_=20\" \/><a href=\"https:\/\/cantosdelcamino.com\/wp-content\/uploads\/2019\/08\/M361Ohqueinmensoamor.mp3\">https:\/\/cantosdelcamino.com\/wp-content\/uploads\/2019\/08\/M361Ohqueinmensoamor.mp3<\/a><\/audio>\n<p><span style=\"color: #0000ff;\">Oh Rostro ensangrentado\u00a0 122<\/span><\/p>\n<audio class=\"wp-audio-shortcode\" id=\"audio-148-21\" preload=\"none\" style=\"width: 100%;\" controls=\"controls\"><source type=\"audio\/mpeg\" src=\"https:\/\/cantosdelcamino.com\/wp-content\/uploads\/2019\/08\/M122Ohrostroensangrentado.mp3?_=21\" \/><a href=\"https:\/\/cantosdelcamino.com\/wp-content\/uploads\/2019\/08\/M122Ohrostroensangrentado.mp3\">https:\/\/cantosdelcamino.com\/wp-content\/uploads\/2019\/08\/M122Ohrostroensangrentado.mp3<\/a><\/audio>\n<p><span style=\"color: #0000ff;\">Oh ven bendito Emanuel\u00a0 101<\/span><\/p>\n<audio class=\"wp-audio-shortcode\" id=\"audio-148-22\" preload=\"none\" style=\"width: 100%;\" controls=\"controls\"><source type=\"audio\/mpeg\" src=\"https:\/\/cantosdelcamino.com\/wp-content\/uploads\/2019\/08\/M101OhvenbenditoEmanuel.mp3?_=22\" \/><a href=\"https:\/\/cantosdelcamino.com\/wp-content\/uploads\/2019\/08\/M101OhvenbenditoEmanuel.mp3\">https:\/\/cantosdelcamino.com\/wp-content\/uploads\/2019\/08\/M101OhvenbenditoEmanuel.mp3<\/a><\/audio>\n<p><span style=\"color: #0000ff;\">Oh ven sin tardar\u00a0 364\u00a0 <span style=\"color: #008000;\"><a style=\"color: #008000;\" href=\"https:\/\/cantosdelcamino.com\/wp-content\/uploads\/2019\/09\/S364Ohvensintardar.doc\">Partitura<\/a><\/span><\/span><\/p>\n<audio class=\"wp-audio-shortcode\" id=\"audio-148-23\" preload=\"none\" style=\"width: 100%;\" controls=\"controls\"><source type=\"audio\/mpeg\" src=\"https:\/\/cantosdelcamino.com\/wp-content\/uploads\/2019\/08\/M364Ohvensintardar.mp3?_=23\" \/><a href=\"https:\/\/cantosdelcamino.com\/wp-content\/uploads\/2019\/08\/M364Ohvensintardar.mp3\">https:\/\/cantosdelcamino.com\/wp-content\/uploads\/2019\/08\/M364Ohvensintardar.mp3<\/a><\/audio>\n<p><span style=\"color: #0000ff;\">O\u00edd un son en alta esfera\u00a0 99<\/span><\/p>\n<audio class=\"wp-audio-shortcode\" id=\"audio-148-24\" preload=\"none\" style=\"width: 100%;\" controls=\"controls\"><source type=\"audio\/mpeg\" src=\"https:\/\/cantosdelcamino.com\/wp-content\/uploads\/2019\/08\/M99Oidunsonenaltaesfera.mp3?_=24\" \/><a href=\"https:\/\/cantosdelcamino.com\/wp-content\/uploads\/2019\/08\/M99Oidunsonenaltaesfera.mp3\">https:\/\/cantosdelcamino.com\/wp-content\/uploads\/2019\/08\/M99Oidunsonenaltaesfera.mp3<\/a><\/audio>\n<p><span style=\"color: #0000ff;\">Omnipotente Padre Dios\u00a0 275<\/span><\/p>\n<audio class=\"wp-audio-shortcode\" id=\"audio-148-25\" preload=\"none\" style=\"width: 100%;\" controls=\"controls\"><source type=\"audio\/mpeg\" src=\"https:\/\/cantosdelcamino.com\/wp-content\/uploads\/2019\/08\/M275OmnipotentePadreDios.mp3?_=25\" \/><a href=\"https:\/\/cantosdelcamino.com\/wp-content\/uploads\/2019\/08\/M275OmnipotentePadreDios.mp3\">https:\/\/cantosdelcamino.com\/wp-content\/uploads\/2019\/08\/M275OmnipotentePadreDios.mp3<\/a><\/audio>\n<p><span style=\"color: #0000ff;\">Oriente ni occidente\u00a0 303<\/span><\/p>\n<audio class=\"wp-audio-shortcode\" id=\"audio-148-26\" preload=\"none\" style=\"width: 100%;\" controls=\"controls\"><source type=\"audio\/mpeg\" src=\"https:\/\/cantosdelcamino.com\/wp-content\/uploads\/2019\/08\/M303Orientenioccidente.mp3?_=26\" \/><a href=\"https:\/\/cantosdelcamino.com\/wp-content\/uploads\/2019\/08\/M303Orientenioccidente.mp3\">https:\/\/cantosdelcamino.com\/wp-content\/uploads\/2019\/08\/M303Orientenioccidente.mp3<\/a><\/audio>\n<p><span style=\"color: #0000ff;\">Oye Israel\u00a0 410 <span style=\"color: #008000;\"><a style=\"color: #008000;\" href=\"https:\/\/cantosdelcamino.com\/wp-content\/uploads\/2019\/09\/S410OyeIsraelp1.doc\">Partitura, p. 1<\/a>\u00a0 <a style=\"color: #008000;\" href=\"https:\/\/cantosdelcamino.com\/wp-content\/uploads\/2019\/09\/S410OyeIsraelp2.doc\">Partitura, p. 2<\/a> \u00a0<\/span> <\/span><\/p>\n<audio class=\"wp-audio-shortcode\" id=\"audio-148-27\" preload=\"none\" style=\"width: 100%;\" controls=\"controls\"><source type=\"audio\/mpeg\" src=\"https:\/\/cantosdelcamino.com\/wp-content\/uploads\/2019\/08\/M410OyeIsrael.mp3?_=27\" \/><a href=\"https:\/\/cantosdelcamino.com\/wp-content\/uploads\/2019\/08\/M410OyeIsrael.mp3\">https:\/\/cantosdelcamino.com\/wp-content\/uploads\/2019\/08\/M410OyeIsrael.mp3<\/a><\/audio>\n<div class=\"pvc_clear\"><\/div>\n<p id=\"pvc_stats_148\" class=\"pvc_stats all  \" data-element-id=\"148\" style=\"\"><i class=\"pvc-stats-icon medium\" aria-hidden=\"true\"><svg aria-hidden=\"true\" focusable=\"false\" data-prefix=\"far\" data-icon=\"chart-bar\" role=\"img\" xmlns=\"http:\/\/www.w3.org\/2000\/svg\" viewBox=\"0 0 512 512\" class=\"svg-inline--fa fa-chart-bar fa-w-16 fa-2x\"><path fill=\"currentColor\" d=\"M396.8 352h22.4c6.4 0 12.8-6.4 12.8-12.8V108.8c0-6.4-6.4-12.8-12.8-12.8h-22.4c-6.4 0-12.8 6.4-12.8 12.8v230.4c0 6.4 6.4 12.8 12.8 12.8zm-192 0h22.4c6.4 0 12.8-6.4 12.8-12.8V140.8c0-6.4-6.4-12.8-12.8-12.8h-22.4c-6.4 0-12.8 6.4-12.8 12.8v198.4c0 6.4 6.4 12.8 12.8 12.8zm96 0h22.4c6.4 0 12.8-6.4 12.8-12.8V204.8c0-6.4-6.4-12.8-12.8-12.8h-22.4c-6.4 0-12.8 6.4-12.8 12.8v134.4c0 6.4 6.4 12.8 12.8 12.8zM496 400H48V80c0-8.84-7.16-16-16-16H16C7.16 64 0 71.16 0 80v336c0 17.67 14.33 32 32 32h464c8.84 0 16-7.16 16-16v-16c0-8.84-7.16-16-16-16zm-387.2-48h22.4c6.4 0 12.8-6.4 12.8-12.8v-70.4c0-6.4-6.4-12.8-12.8-12.8h-22.4c-6.4 0-12.8 6.4-12.8 12.8v70.4c0 6.4 6.4 12.8 12.8 12.8z\" class=\"\"><\/path><\/svg><\/i> <img loading=\"lazy\" decoding=\"async\" width=\"16\" height=\"16\" alt=\"Loading\" src=\"https:\/\/cantosdelcamino.com\/wp-content\/plugins\/page-views-count\/ajax-loader-2x.gif\" border=0 \/><\/p>\n<div class=\"pvc_clear\"><\/div>\n","protected":false},"excerpt":{"rendered":"<p>Objeto de mi fe\u00a0 231 Oh aldehuela\u00a0 360\u00a0 Partitura Oh amor que excede a todos\u00a0 228 Oh amor que no me dejar\u00e1\u00a0 116 Oh Cristo de infinito amor\u00a0 299 Oh Cristo m\u00edo\u00a0 254 Oh Cristo tu ayuda quisiera tener\u00a0 271 Oh cu\u00e1n dulce es fiar en Cristo\u00a0 358\u00a0 Partitura Oh cu\u00e1nto le amo\u00a0 126 Oh [&hellip;]<\/p>\n<div class=\"pvc_clear\"><\/div>\n<p id=\"pvc_stats_148\" class=\"pvc_stats all  \" data-element-id=\"148\" style=\"\"><i class=\"pvc-stats-icon medium\" aria-hidden=\"true\"><svg aria-hidden=\"true\" focusable=\"false\" data-prefix=\"far\" data-icon=\"chart-bar\" role=\"img\" xmlns=\"http:\/\/www.w3.org\/2000\/svg\" viewBox=\"0 0 512 512\" class=\"svg-inline--fa fa-chart-bar fa-w-16 fa-2x\"><path fill=\"currentColor\" d=\"M396.8 352h22.4c6.4 0 12.8-6.4 12.8-12.8V108.8c0-6.4-6.4-12.8-12.8-12.8h-22.4c-6.4 0-12.8 6.4-12.8 12.8v230.4c0 6.4 6.4 12.8 12.8 12.8zm-192 0h22.4c6.4 0 12.8-6.4 12.8-12.8V140.8c0-6.4-6.4-12.8-12.8-12.8h-22.4c-6.4 0-12.8 6.4-12.8 12.8v198.4c0 6.4 6.4 12.8 12.8 12.8zm96 0h22.4c6.4 0 12.8-6.4 12.8-12.8V204.8c0-6.4-6.4-12.8-12.8-12.8h-22.4c-6.4 0-12.8 6.4-12.8 12.8v134.4c0 6.4 6.4 12.8 12.8 12.8zM496 400H48V80c0-8.84-7.16-16-16-16H16C7.16 64 0 71.16 0 80v336c0 17.67 14.33 32 32 32h464c8.84 0 16-7.16 16-16v-16c0-8.84-7.16-16-16-16zm-387.2-48h22.4c6.4 0 12.8-6.4 12.8-12.8v-70.4c0-6.4-6.4-12.8-12.8-12.8h-22.4c-6.4 0-12.8 6.4-12.8 12.8v70.4c0 6.4 6.4 12.8 12.8 12.8z\" class=\"\"><\/path><\/svg><\/i> <img loading=\"lazy\" decoding=\"async\" width=\"16\" height=\"16\" alt=\"Loading\" src=\"https:\/\/cantosdelcamino.com\/wp-content\/plugins\/page-views-count\/ajax-loader-2x.gif\" border=0 \/><\/p>\n<div class=\"pvc_clear\"><\/div>\n","protected":false},"author":1,"featured_media":0,"parent":70,"menu_order":0,"comment_status":"closed","ping_status":"closed","template":"","meta":{"footnotes":""},"class_list":["post-148","page","type-page","status-publish","hentry","post"],"a3_pvc":{"activated":true,"total_views":4133,"today_views":0},"_links":{"self":[{"href":"https:\/\/cantosdelcamino.com\/index.php?rest_route=\/wp\/v2\/pages\/148","targetHints":{"allow":["GET"]}}],"collection":[{"href":"https:\/\/cantosdelcamino.com\/index.php?rest_route=\/wp\/v2\/pages"}],"about":[{"href":"https:\/\/cantosdelcamino.com\/index.php?rest_route=\/wp\/v2\/types\/page"}],"author":[{"embeddable":true,"href":"https:\/\/cantosdelcamino.com\/index.php?rest_route=\/wp\/v2\/users\/1"}],"replies":[{"embeddable":true,"href":"https:\/\/cantosdelcamino.com\/index.php?rest_route=%2Fwp%2Fv2%2Fcomments&post=148"}],"version-history":[{"count":5,"href":"https:\/\/cantosdelcamino.com\/index.php?rest_route=\/wp\/v2\/pages\/148\/revisions"}],"predecessor-version":[{"id":1376,"href":"https:\/\/cantosdelcamino.com\/index.php?rest_route=\/wp\/v2\/pages\/148\/revisions\/1376"}],"up":[{"embeddable":true,"href":"https:\/\/cantosdelcamino.com\/index.php?rest_route=\/wp\/v2\/pages\/70"}],"wp:attachment":[{"href":"https:\/\/cantosdelcamino.com\/index.php?rest_route=%2Fwp%2Fv2%2Fmedia&parent=148"}],"curies":[{"name":"wp","href":"https:\/\/api.w.org\/{rel}","templated":true}]}}